[INFO] fetching crate openal 0.2.2...
[INFO] checking openal-0.2.2 against master#af3c6e733a40e671550e0f0f5aeecaa13772ba56 for pr-74989
[INFO] extracting crate openal 0.2.2 into /workspace/builds/worker-0/source
[INFO] validating manifest of crates.io crate openal 0.2.2 on toolchain af3c6e733a40e671550e0f0f5aeecaa13772ba56
[INFO] running `Command { std: "/workspace/cargo-home/bin/cargo" "+af3c6e733a40e671550e0f0f5aeecaa13772ba56" "read-manifest" "--manifest-path" "Cargo.toml", kill_on_drop: false }`
[INFO] started tweaking crates.io crate openal 0.2.2
[INFO] finished tweaking crates.io crate openal 0.2.2
[INFO] tweaked toml for crates.io crate openal 0.2.2 written to /workspace/builds/worker-0/source/Cargo.toml
[INFO] running `Command { std: "/workspace/cargo-home/bin/cargo" "+af3c6e733a40e671550e0f0f5aeecaa13772ba56" "generate-lockfile" "--manifest-path" "Cargo.toml" "-Zno-index-update", kill_on_drop: false }`
[INFO] running `Command { std: "/workspace/cargo-home/bin/cargo" "+af3c6e733a40e671550e0f0f5aeecaa13772ba56" "fetch" "--locked" "--manifest-path" "Cargo.toml", kill_on_drop: false }`
[INFO] [stderr]     Blocking waiting for file lock on package cache
[INFO] [stderr]     Blocking waiting for file lock on package cache
[INFO] running `Command { std: "docker" "create" "-v" "/var/lib/crater-agent-workspace/builds/worker-0/target:/opt/rustwide/target:rw,Z" "-v" "/var/lib/crater-agent-workspace/builds/worker-0/source:/opt/rustwide/workdir:ro,Z" "-v" "/var/lib/crater-agent-workspace/cargo-home:/opt/rustwide/cargo-home:ro,Z" "-v" "/var/lib/crater-agent-workspace/rustup-home:/opt/rustwide/rustup-home:ro,Z" "-e" "SOURCE_DIR=/opt/rustwide/workdir" "-e" "CARGO_TARGET_DIR=/opt/rustwide/target" "-e" "CARGO_HOME=/opt/rustwide/cargo-home" "-e" "RUSTUP_HOME=/opt/rustwide/rustup-home" "-w" "/opt/rustwide/workdir" "-m" "1610612736" "--user" "0:0" "--network" "none" "rustops/crates-build-env@sha256:d92eaeed33fa75130ca1ee6c8a01d1ffb62bac859dfdfb3450e3e5d1c0146529" "/opt/rustwide/cargo-home/bin/cargo" "+af3c6e733a40e671550e0f0f5aeecaa13772ba56" "metadata" "--no-deps" "--format-version=1", kill_on_drop: false }`
[INFO] [stdout] 661d89cb7ed5e87513499579410a7a3f178eddb26f0ddef0bf16e6a5907bacff
[INFO] [stderr] WARNING: Your kernel does not support swap limit capabilities or the cgroup is not mounted. Memory limited without swap.
[INFO] running `Command { std: "docker" "start" "-a" "661d89cb7ed5e87513499579410a7a3f178eddb26f0ddef0bf16e6a5907bacff", kill_on_drop: false }`
[INFO] running `Command { std: "docker" "inspect" "661d89cb7ed5e87513499579410a7a3f178eddb26f0ddef0bf16e6a5907bacff", kill_on_drop: false }`
[INFO] running `Command { std: "docker" "rm" "-f" "661d89cb7ed5e87513499579410a7a3f178eddb26f0ddef0bf16e6a5907bacff", kill_on_drop: false }`
[INFO] [stdout] 661d89cb7ed5e87513499579410a7a3f178eddb26f0ddef0bf16e6a5907bacff
[INFO] running `Command { std: "docker" "create" "-v" "/var/lib/crater-agent-workspace/builds/worker-0/target:/opt/rustwide/target:rw,Z" "-v" "/var/lib/crater-agent-workspace/builds/worker-0/source:/opt/rustwide/workdir:ro,Z" "-v" "/var/lib/crater-agent-workspace/cargo-home:/opt/rustwide/cargo-home:ro,Z" "-v" "/var/lib/crater-agent-workspace/rustup-home:/opt/rustwide/rustup-home:ro,Z" "-e" "SOURCE_DIR=/opt/rustwide/workdir" "-e" "CARGO_TARGET_DIR=/opt/rustwide/target" "-e" "CARGO_INCREMENTAL=0" "-e" "RUST_BACKTRACE=full" "-e" "RUSTFLAGS=--cap-lints=forbid" "-e" "CARGO_HOME=/opt/rustwide/cargo-home" "-e" "RUSTUP_HOME=/opt/rustwide/rustup-home" "-w" "/opt/rustwide/workdir" "-m" "1610612736" "--user" "0:0" "--network" "none" "rustops/crates-build-env@sha256:d92eaeed33fa75130ca1ee6c8a01d1ffb62bac859dfdfb3450e3e5d1c0146529" "/opt/rustwide/cargo-home/bin/cargo" "+af3c6e733a40e671550e0f0f5aeecaa13772ba56" "check" "--frozen" "--all" "--all-targets" "--message-format=json", kill_on_drop: false }`
[INFO] [stdout] 51a575d70e3337eb54560ba26ee3e0a89ccb8e0b373bb87d063c24b14bc2b505
[INFO] [stderr] WARNING: Your kernel does not support swap limit capabilities or the cgroup is not mounted. Memory limited without swap.
[INFO] running `Command { std: "docker" "start" "-a" "51a575d70e3337eb54560ba26ee3e0a89ccb8e0b373bb87d063c24b14bc2b505", kill_on_drop: false }`
[INFO] [stderr]     Checking libc v0.1.12
[INFO] [stderr]     Checking bitflags v0.1.1
[INFO] [stderr]    Compiling libc v0.2.77
[INFO] [stderr]     Checking openal-sys v1.16.0
[INFO] [stderr]     Checking openal v0.2.2 (/opt/rustwide/workdir)
[INFO] [stdout] warning: use of deprecated macro `try`: use the `?` operator instead
[INFO] [stdout]    --> src/error.rs:109:3
[INFO] [stdout]     |
[INFO] [stdout] 109 |         try!(f.write_str("openal::Error("));
[INFO] [stdout]     |         ^^^
[INFO] [stdout]     |
[INFO] [stdout]     = note: `#[warn(deprecated)]` on by default
[INFO] [stdout] 
[INFO] [stdout] 
[INFO] [stdout] warning: use of deprecated macro `try`: use the `?` operator instead
[INFO] [stdout]    --> src/error.rs:110:3
[INFO] [stdout]     |
[INFO] [stdout] 110 |         try!(fmt::Display::fmt(self, f));
[INFO] [stdout]     |         ^^^
[INFO] [stdout] 
[INFO] [stdout] 
[INFO] [stdout] warning: use of deprecated macro `try`: use the `?` operator instead
[INFO] [stdout]    --> src/listener/listener.rs:267:3
[INFO] [stdout]     |
[INFO] [stdout] 267 |         try!(f.write_str("openal::Listener("));
[INFO] [stdout]     |         ^^^
[INFO] [stdout] 
[INFO] [stdout] 
[INFO] [stdout] warning: use of deprecated macro `try`: use the `?` operator instead
[INFO] [stdout]    --> src/listener/listener.rs:269:3
[INFO] [stdout]     |
[INFO] [stdout] 269 |         try!(f.write_str(&format!("vendor={:?} ", self.vendor())));
[INFO] [stdout]     |         ^^^
[INFO] [stdout] 
[INFO] [stdout] 
[INFO] [stdout] warning: use of deprecated macro `try`: use the `?` operator instead
[INFO] [stdout]    --> src/listener/listener.rs:270:3
[INFO] [stdout]     |
[INFO] [stdout] 270 |         try!(f.write_str(&format!("version={:?} ", self.version())));
[INFO] [stdout]     |         ^^^
[INFO] [stdout] 
[INFO] [stdout] 
[INFO] [stdout] warning: use of deprecated macro `try`: use the `?` operator instead
[INFO] [stdout]    --> src/listener/listener.rs:271:3
[INFO] [stdout]     |
[INFO] [stdout] 271 |         try!(f.write_str(&format!("renderer={:?} ", self.renderer())));
[INFO] [stdout]     |         ^^^
[INFO] [stdout] 
[INFO] [stdout] 
[INFO] [stdout] warning: use of deprecated macro `try`: use the `?` operator instead
[INFO] [stdout]    --> src/listener/listener.rs:272:3
[INFO] [stdout]     |
[INFO] [stdout] 272 |         try!(f.write_str(&format!("extensions={:?}; ", self.extensions())));
[INFO] [stdout]     |         ^^^
[INFO] [stdout] 
[INFO] [stdout] 
[INFO] [stdout] warning: use of deprecated macro `try`: use the `?` operator instead
[INFO] [stdout]    --> src/listener/listener.rs:274:3
[INFO] [stdout]     |
[INFO] [stdout] 274 |         try!(f.write_str(&format!("doppler={:?} ", self.doppler())));
[INFO] [stdout]     |         ^^^
[INFO] [stdout] 
[INFO] [stdout] 
[INFO] [stdout] warning: use of deprecated macro `try`: use the `?` operator instead
[INFO] [stdout]    --> src/listener/listener.rs:275:3
[INFO] [stdout]     |
[INFO] [stdout] 275 |         try!(f.write_str(&format!("speed_of_sound={} ", self.speed_of_sound())));
[INFO] [stdout]     |         ^^^
[INFO] [stdout] 
[INFO] [stdout] 
[INFO] [stdout] warning: use of deprecated macro `try`: use the `?` operator instead
[INFO] [stdout]    --> src/listener/listener.rs:276:3
[INFO] [stdout]     |
[INFO] [stdout] 276 |         try!(f.write_str(&format!("gain={} ", self.gain())));
[INFO] [stdout]     |         ^^^
[INFO] [stdout] 
[INFO] [stdout] 
[INFO] [stdout] warning: use of deprecated macro `try`: use the `?` operator instead
[INFO] [stdout]    --> src/listener/listener.rs:277:3
[INFO] [stdout]     |
[INFO] [stdout] 277 |         try!(f.write_str(&format!("position={:?} ", self.position())));
[INFO] [stdout]     |         ^^^
[INFO] [stdout] 
[INFO] [stdout] 
[INFO] [stdout] warning: use of deprecated macro `try`: use the `?` operator instead
[INFO] [stdout]    --> src/listener/listener.rs:278:3
[INFO] [stdout]     |
[INFO] [stdout] 278 |         try!(f.write_str(&format!("velocity={:?} ", self.velocity())));
[INFO] [stdout]     |         ^^^
[INFO] [stdout] 
[INFO] [stdout] 
[INFO] [stdout] warning: use of deprecated macro `try`: use the `?` operator instead
[INFO] [stdout]    --> src/listener/listener.rs:279:3
[INFO] [stdout]     |
[INFO] [stdout] 279 |         try!(f.write_str(&format!("orientation={:?}", self.orientation())));
[INFO] [stdout]     |         ^^^
[INFO] [stdout] 
[INFO] [stdout] 
[INFO] [stdout] warning: use of deprecated macro `try`: use the `?` operator instead
[INFO] [stdout]   --> src/capture/capture.rs:31:5
[INFO] [stdout]    |
[INFO] [stdout] 31 |                 try!(<U as Sample>::format(channels)),
[INFO] [stdout]    |                 ^^^
[INFO] [stdout] 
[INFO] [stdout] 
[INFO] [stdout] warning: use of deprecated macro `try`: use the `?` operator instead
[INFO] [stdout]   --> src/capture/capture.rs:48:5
[INFO] [stdout]    |
[INFO] [stdout] 48 |                 try!(<U as Sample>::format(channels)),
[INFO] [stdout]    |                 ^^^
[INFO] [stdout] 
[INFO] [stdout] 
[INFO] [stdout] warning: use of deprecated macro `try`: use the `?` operator instead
[INFO] [stdout]    --> src/capture/capture.rs:105:3
[INFO] [stdout]     |
[INFO] [stdout] 105 |         try!(f.write_str("openal::Capture("));
[INFO] [stdout]     |         ^^^
[INFO] [stdout] 
[INFO] [stdout] 
[INFO] [stdout] warning: use of deprecated macro `try`: use the `?` operator instead
[INFO] [stdout]    --> src/capture/capture.rs:106:3
[INFO] [stdout]     |
[INFO] [stdout] 106 |         try!(f.write_str(&format!("len={}; ", self.len())));
[INFO] [stdout]     |         ^^^
[INFO] [stdout] 
[INFO] [stdout] 
[INFO] [stdout] warning: use of deprecated macro `try`: use the `?` operator instead
[INFO] [stdout]   --> src/source/stream.rs:31:16
[INFO] [stdout]    |
[INFO] [stdout] 31 |         let buffer = try!(unsafe { Buffer::new(channels, data, rate) });
[INFO] [stdout]    |                      ^^^
[INFO] [stdout] 
[INFO] [stdout] 
[INFO] [stdout] warning: use of deprecated macro `try`: use the `?` operator instead
[INFO] [stdout]   --> src/source/stream.rs:32:3
[INFO] [stdout]    |
[INFO] [stdout] 32 |         try!(self.clear());
[INFO] [stdout]    |         ^^^
[INFO] [stdout] 
[INFO] [stdout] 
[INFO] [stdout] warning: use of deprecated macro `try`: use the `?` operator instead
[INFO] [stdout]    --> src/source/stream.rs:110:3
[INFO] [stdout]     |
[INFO] [stdout] 110 |         try!(f.write_str("openal::source::Stream("));
[INFO] [stdout]     |         ^^^
[INFO] [stdout] 
[INFO] [stdout] 
[INFO] [stdout] warning: use of deprecated macro `try`: use the `?` operator instead
[INFO] [stdout]    --> src/source/stream.rs:111:3
[INFO] [stdout]     |
[INFO] [stdout] 111 |         try!(f.write_str(&format!("{}; ", unsafe { self.id() })));
[INFO] [stdout]     |         ^^^
[INFO] [stdout] 
[INFO] [stdout] 
[INFO] [stdout] warning: use of deprecated macro `try`: use the `?` operator instead
[INFO] [stdout]    --> src/source/stream.rs:112:3
[INFO] [stdout]     |
[INFO] [stdout] 112 |         try!(f.write_str(&format!("len={}", self.buffers.len())));
[INFO] [stdout]     |         ^^^
[INFO] [stdout] 
[INFO] [stdout] 
[INFO] [stdout] warning: use of deprecated macro `try`: use the `?` operator instead
[INFO] [stdout]    --> src/source/source.rs:359:3
[INFO] [stdout]     |
[INFO] [stdout] 359 |         try!(f.write_str("openal::Source("));
[INFO] [stdout]     |         ^^^
[INFO] [stdout] 
[INFO] [stdout] 
[INFO] [stdout] warning: use of deprecated macro `try`: use the `?` operator instead
[INFO] [stdout]    --> src/source/source.rs:360:3
[INFO] [stdout]     |
[INFO] [stdout] 360 |         try!(f.write_str(&format!("{}", unsafe { self.id() })));
[INFO] [stdout]     |         ^^^
[INFO] [stdout] 
[INFO] [stdout] 
[INFO] [stdout] warning: use of deprecated macro `try`: use the `?` operator instead
[INFO] [stdout]   --> src/buffer.rs:26:20
[INFO] [stdout]    |
[INFO] [stdout] 26 |         let mut buffer = try!(Buffer::empty());
[INFO] [stdout]    |                          ^^^
[INFO] [stdout] 
[INFO] [stdout] 
[INFO] [stdout] warning: use of deprecated macro `try`: use the `?` operator instead
[INFO] [stdout]   --> src/buffer.rs:39:33
[INFO] [stdout]    |
[INFO] [stdout] 39 |         al_try!(alBufferData(self.id, try!(<T as Sample>::format(channels)), data.as_ptr() as *const _,
[INFO] [stdout]    |                                       ^^^
[INFO] [stdout] 
[INFO] [stdout] 
[INFO] [stdout] warning: use of deprecated macro `try`: use the `?` operator instead
[INFO] [stdout]   --> src/buffer.rs:95:3
[INFO] [stdout]    |
[INFO] [stdout] 95 |         try!(f.write_str("openal::Buffer("));
[INFO] [stdout]    |         ^^^
[INFO] [stdout] 
[INFO] [stdout] 
[INFO] [stdout] warning: use of deprecated macro `try`: use the `?` operator instead
[INFO] [stdout]   --> src/buffer.rs:96:3
[INFO] [stdout]    |
[INFO] [stdout] 96 |         try!(f.write_str(&format!("{}; ", unsafe { self.id() })));
[INFO] [stdout]    |         ^^^
[INFO] [stdout] 
[INFO] [stdout] 
[INFO] [stdout] warning: use of deprecated macro `try`: use the `?` operator instead
[INFO] [stdout]   --> src/buffer.rs:97:3
[INFO] [stdout]    |
[INFO] [stdout] 97 |         try!(f.write_str(&format!("rate={} ", self.rate())));
[INFO] [stdout]    |         ^^^
[INFO] [stdout] 
[INFO] [stdout] 
[INFO] [stdout] warning: use of deprecated macro `try`: use the `?` operator instead
[INFO] [stdout]   --> src/buffer.rs:98:3
[INFO] [stdout]    |
[INFO] [stdout] 98 |         try!(f.write_str(&format!("bits={} ", self.bits())));
[INFO] [stdout]    |         ^^^
[INFO] [stdout] 
[INFO] [stdout] 
[INFO] [stdout] warning: use of deprecated macro `try`: use the `?` operator instead
[INFO] [stdout]   --> src/buffer.rs:99:3
[INFO] [stdout]    |
[INFO] [stdout] 99 |         try!(f.write_str(&format!("channels={} ", self.channels())));
[INFO] [stdout]    |         ^^^
[INFO] [stdout] 
[INFO] [stdout] 
[INFO] [stdout] warning: use of deprecated macro `try`: use the `?` operator instead
[INFO] [stdout]    --> src/buffer.rs:100:3
[INFO] [stdout]     |
[INFO] [stdout] 100 |         try!(f.write_str(&format!("len={}", self.len())));
[INFO] [stdout]     |         ^^^
[INFO] [stdout] 
[INFO] [stdout] 
[INFO] [stdout] warning: trait objects without an explicit `dyn` are deprecated
[INFO] [stdout]   --> src/traits.rs:50:24
[INFO] [stdout]    |
[INFO] [stdout] 50 | unsafe impl Device for Context {
[INFO] [stdout]    |                        ^^^^^^^ help: use `dyn`: `dyn Context`
[INFO] [stdout]    |
[INFO] [stdout]    = note: `#[warn(bare_trait_objects)]` on by default
[INFO] [stdout] 
[INFO] [stdout] 
[INFO] [stdout] warning: use of deprecated associated function `std::error::Error::description`: use the Display impl or to_string()
[INFO] [stdout]    --> src/error.rs:103:15
[INFO] [stdout]     |
[INFO] [stdout] 103 |         f.write_str(error::Error::description(self))
[INFO] [stdout]     |                     ^^^^^^^^^^^^^^^^^^^^^^^^^
[INFO] [stdout] 
[INFO] [stdout] 
[INFO] [stdout] warning: 34 warnings emitted
[INFO] [stdout] 
[INFO] [stdout] 
[INFO] [stderr]    Compiling num_cpus v0.2.13
[INFO] [stderr]    Compiling ffmpeg-sys v2.8.9
[INFO] [stderr]     Checking ffmpeg v0.1.1
[INFO] [stdout] error[E0432]: unresolved import `std::marker::Reflect`
[INFO] [stdout]  --> /opt/rustwide/cargo-home/registry/src/github.com-1ecc6299db9ec823/ffmpeg-0.1.1/src/util/frame/video.rs:4:5
[INFO] [stdout]   |
[INFO] [stdout] 4 | use std::marker::Reflect;
[INFO] [stdout]   |     ^^^^^^^^^^^^^^^^^^^^ no `Reflect` in `marker`
[INFO] [stdout] 
[INFO] [stdout] 
[INFO] [stdout] error[E0432]: unresolved import `std::marker::Reflect`
[INFO] [stdout]  --> /opt/rustwide/cargo-home/registry/src/github.com-1ecc6299db9ec823/ffmpeg-0.1.1/src/util/frame/audio.rs:5:5
[INFO] [stdout]   |
[INFO] [stdout] 5 | use std::marker::Reflect;
[INFO] [stdout]   |     ^^^^^^^^^^^^^^^^^^^^ no `Reflect` in `marker`
[INFO] [stdout] 
[INFO] [stdout] 
[INFO] [stdout] error[E0425]: cannot find value `AV_PIX_FMT_XVMC_MPEG2_MC` in this scope
[INFO] [stdout]    --> /opt/rustwide/cargo-home/registry/src/github.com-1ecc6299db9ec823/ffmpeg-0.1.1/src/util/format/pixel.rs:479:30
[INFO] [stdout]     |
[INFO] [stdout] 479 |             Pixel::XVMC_MPEG2_MC   => AV_PIX_FMT_XVMC_MPEG2_MC,
[INFO] [stdout]     |                                       ^^^^^^^^^^^^^^^^^^^^^^^^ not found in this scope
[INFO] [stdout] 
[INFO] [stdout] 
[INFO] [stdout] error[E0425]: cannot find value `AV_PIX_FMT_XVMC_MPEG2_IDCT` in this scope
[INFO] [stdout]    --> /opt/rustwide/cargo-home/registry/src/github.com-1ecc6299db9ec823/ffmpeg-0.1.1/src/util/format/pixel.rs:480:30
[INFO] [stdout]     |
[INFO] [stdout] 480 |             Pixel::XVMC_MPEG2_IDCT => AV_PIX_FMT_XVMC_MPEG2_IDCT,
[INFO] [stdout]     |                                       ^^^^^^^^^^^^^^^^^^^^^^^^^^ help: a unit variant with a similar name exists: `AV_PIX_FMT_VAAPI_IDCT`
[INFO] [stdout]     | 
[INFO] [stdout]    ::: /opt/rustwide/cargo-home/registry/src/github.com-1ecc6299db9ec823/ffmpeg-sys-2.8.9/src/avutil/pixfmt.rs:76:5
[INFO] [stdout]     |
[INFO] [stdout] 76  |     AV_PIX_FMT_VAAPI_IDCT,
[INFO] [stdout]     |     --------------------- similarly named unit variant `AV_PIX_FMT_VAAPI_IDCT` defined here
[INFO] [stdout] 
[INFO] [stdout] 
[INFO] [stdout] error[E0425]: cannot find value `AV_PIX_FMT_VDPAU_H264` in this scope
[INFO] [stdout]    --> /opt/rustwide/cargo-home/registry/src/github.com-1ecc6299db9ec823/ffmpeg-0.1.1/src/util/format/pixel.rs:502:26
[INFO] [stdout]     |
[INFO] [stdout] 502 |             Pixel::VDPAU_H264  => AV_PIX_FMT_VDPAU_H264,
[INFO] [stdout]     |                                   ^^^^^^^^^^^^^^^^^^^^^ help: a unit variant with a similar name exists: `AV_PIX_FMT_VDPAU`
[INFO] [stdout]     | 
[INFO] [stdout]    ::: /opt/rustwide/cargo-home/registry/src/github.com-1ecc6299db9ec823/ffmpeg-sys-2.8.9/src/avutil/pixfmt.rs:146:5
[INFO] [stdout]     |
[INFO] [stdout] 146 |     AV_PIX_FMT_VDPAU,
[INFO] [stdout]     |     ---------------- similarly named unit variant `AV_PIX_FMT_VDPAU` defined here
[INFO] [stdout] 
[INFO] [stdout] 
[INFO] [stdout] error[E0425]: cannot find value `AV_PIX_FMT_VDPAU_MPEG1` in this scope
[INFO] [stdout]    --> /opt/rustwide/cargo-home/registry/src/github.com-1ecc6299db9ec823/ffmpeg-0.1.1/src/util/format/pixel.rs:503:26
[INFO] [stdout]     |
[INFO] [stdout] 503 |             Pixel::VDPAU_MPEG1 => AV_PIX_FMT_VDPAU_MPEG1,
[INFO] [stdout]     |                                   ^^^^^^^^^^^^^^^^^^^^^^ help: a unit variant with a similar name exists: `AV_PIX_FMT_VDPAU`
[INFO] [stdout]     | 
[INFO] [stdout]    ::: /opt/rustwide/cargo-home/registry/src/github.com-1ecc6299db9ec823/ffmpeg-sys-2.8.9/src/avutil/pixfmt.rs:146:5
[INFO] [stdout]     |
[INFO] [stdout] 146 |     AV_PIX_FMT_VDPAU,
[INFO] [stdout]     |     ---------------- similarly named unit variant `AV_PIX_FMT_VDPAU` defined here
[INFO] [stdout] 
[INFO] [stdout] 
[INFO] [stdout] error[E0425]: cannot find value `AV_PIX_FMT_VDPAU_MPEG2` in this scope
[INFO] [stdout]    --> /opt/rustwide/cargo-home/registry/src/github.com-1ecc6299db9ec823/ffmpeg-0.1.1/src/util/format/pixel.rs:504:26
[INFO] [stdout]     |
[INFO] [stdout] 504 |             Pixel::VDPAU_MPEG2 => AV_PIX_FMT_VDPAU_MPEG2,
[INFO] [stdout]     |                                   ^^^^^^^^^^^^^^^^^^^^^^ help: a unit variant with a similar name exists: `AV_PIX_FMT_VDPAU`
[INFO] [stdout]     | 
[INFO] [stdout]    ::: /opt/rustwide/cargo-home/registry/src/github.com-1ecc6299db9ec823/ffmpeg-sys-2.8.9/src/avutil/pixfmt.rs:146:5
[INFO] [stdout]     |
[INFO] [stdout] 146 |     AV_PIX_FMT_VDPAU,
[INFO] [stdout]     |     ---------------- similarly named unit variant `AV_PIX_FMT_VDPAU` defined here
[INFO] [stdout] 
[INFO] [stdout] 
[INFO] [stdout] error[E0425]: cannot find value `AV_PIX_FMT_VDPAU_WMV3` in this scope
[INFO] [stdout]    --> /opt/rustwide/cargo-home/registry/src/github.com-1ecc6299db9ec823/ffmpeg-0.1.1/src/util/format/pixel.rs:505:26
[INFO] [stdout]     |
[INFO] [stdout] 505 |             Pixel::VDPAU_WMV3  => AV_PIX_FMT_VDPAU_WMV3,
[INFO] [stdout]     |                                   ^^^^^^^^^^^^^^^^^^^^^ help: a unit variant with a similar name exists: `AV_PIX_FMT_VDPAU`
[INFO] [stdout]     | 
[INFO] [stdout]    ::: /opt/rustwide/cargo-home/registry/src/github.com-1ecc6299db9ec823/ffmpeg-sys-2.8.9/src/avutil/pixfmt.rs:146:5
[INFO] [stdout]     |
[INFO] [stdout] 146 |     AV_PIX_FMT_VDPAU,
[INFO] [stdout]     |     ---------------- similarly named unit variant `AV_PIX_FMT_VDPAU` defined here
[INFO] [stdout] 
[INFO] [stdout] 
[INFO] [stdout] error[E0425]: cannot find value `AV_PIX_FMT_VDPAU_VC1` in this scope
[INFO] [stdout]    --> /opt/rustwide/cargo-home/registry/src/github.com-1ecc6299db9ec823/ffmpeg-0.1.1/src/util/format/pixel.rs:506:26
[INFO] [stdout]     |
[INFO] [stdout] 506 |             Pixel::VDPAU_VC1   => AV_PIX_FMT_VDPAU_VC1,
[INFO] [stdout]     |                                   ^^^^^^^^^^^^^^^^^^^^ help: a unit variant with a similar name exists: `AV_PIX_FMT_VDA_VLD`
[INFO] [stdout]     | 
[INFO] [stdout]    ::: /opt/rustwide/cargo-home/registry/src/github.com-1ecc6299db9ec823/ffmpeg-sys-2.8.9/src/avutil/pixfmt.rs:114:5
[INFO] [stdout]     |
[INFO] [stdout] 114 |     AV_PIX_FMT_VDA_VLD,
[INFO] [stdout]     |     ------------------ similarly named unit variant `AV_PIX_FMT_VDA_VLD` defined here
[INFO] [stdout] 
[INFO] [stdout] 
[INFO] [stdout] error[E0425]: cannot find value `AV_PIX_FMT_VDPAU_MPEG4` in this scope
[INFO] [stdout]    --> /opt/rustwide/cargo-home/registry/src/github.com-1ecc6299db9ec823/ffmpeg-0.1.1/src/util/format/pixel.rs:530:26
[INFO] [stdout]     |
[INFO] [stdout] 530 |             Pixel::VDPAU_MPEG4 => AV_PIX_FMT_VDPAU_MPEG4,
[INFO] [stdout]     |                                   ^^^^^^^^^^^^^^^^^^^^^^ help: a unit variant with a similar name exists: `AV_PIX_FMT_VDPAU`
[INFO] [stdout]     | 
[INFO] [stdout]    ::: /opt/rustwide/cargo-home/registry/src/github.com-1ecc6299db9ec823/ffmpeg-sys-2.8.9/src/avutil/pixfmt.rs:146:5
[INFO] [stdout]     |
[INFO] [stdout] 146 |     AV_PIX_FMT_VDPAU,
[INFO] [stdout]     |     ---------------- similarly named unit variant `AV_PIX_FMT_VDPAU` defined here
[INFO] [stdout] 
[INFO] [stdout] 
[INFO] [stdout] error[E0425]: cannot find value `AV_PIX_FMT_XVMC` in this scope
[INFO] [stdout]    --> /opt/rustwide/cargo-home/registry/src/github.com-1ecc6299db9ec823/ffmpeg-0.1.1/src/util/format/pixel.rs:653:21
[INFO] [stdout]     |
[INFO] [stdout] 653 |             Pixel::XVMC   => AV_PIX_FMT_XVMC,
[INFO] [stdout]     |                              ^^^^^^^^^^^^^^^ help: a unit variant with a similar name exists: `AV_PIX_FMT_NV12`
[INFO] [stdout]     | 
[INFO] [stdout]    ::: /opt/rustwide/cargo-home/registry/src/github.com-1ecc6299db9ec823/ffmpeg-sys-2.8.9/src/avutil/pixfmt.rs:37:5
[INFO] [stdout]     |
[INFO] [stdout] 37  |     AV_PIX_FMT_NV12,
[INFO] [stdout]     |     --------------- similarly named unit variant `AV_PIX_FMT_NV12` defined here
[INFO] [stdout] 
[INFO] [stdout] 
[INFO] [stdout] error[E0425]: cannot find value `AV_CODEC_ID_MPEG2VIDEO_XVMC` in this scope
[INFO] [stdout]    --> /opt/rustwide/cargo-home/registry/src/github.com-1ecc6299db9ec823/ffmpeg-0.1.1/src/codec/id.rs:902:34
[INFO] [stdout]     |
[INFO] [stdout] 902 |             Id::MPEG2VIDEO_XVMC        => AV_CODEC_ID_MPEG2VIDEO_XVMC,
[INFO] [stdout]     |                                           ^^^^^^^^^^^^^^^^^^^^^^^^^^^ help: a unit variant with a similar name exists: `AV_CODEC_ID_MPEG2VIDEO`
[INFO] [stdout]     | 
[INFO] [stdout]    ::: /opt/rustwide/cargo-home/registry/src/github.com-1ecc6299db9ec823/ffmpeg-sys-2.8.9/src/avcodec/codec.rs:11:5
[INFO] [stdout]     |
[INFO] [stdout] 11  |     AV_CODEC_ID_MPEG2VIDEO,
[INFO] [stdout]     |     ---------------------- similarly named unit variant `AV_CODEC_ID_MPEG2VIDEO` defined here
[INFO] [stdout] 
[INFO] [stdout] 
[INFO] [stdout] error[E0425]: cannot find value `AV_CODEC_ID_VOXWARE` in this scope
[INFO] [stdout]     --> /opt/rustwide/cargo-home/registry/src/github.com-1ecc6299db9ec823/ffmpeg-0.1.1/src/codec/id.rs:1238:32
[INFO] [stdout]      |
[INFO] [stdout] 1238 |             Id::VOXWARE              => AV_CODEC_ID_VOXWARE,
[INFO] [stdout]      |                                         ^^^^^^^^^^^^^^^^^^^ help: a unit variant with a similar name exists: `AV_CODEC_ID_XFACE`
[INFO] [stdout]      | 
[INFO] [stdout]     ::: /opt/rustwide/cargo-home/registry/src/github.com-1ecc6299db9ec823/ffmpeg-sys-2.8.9/src/avcodec/codec.rs:220:5
[INFO] [stdout]      |
[INFO] [stdout] 220  |     AV_CODEC_ID_XFACE       = MKBETAG!(b'X', b'F', b'A', b'C'),
[INFO] [stdout]      |     ---------------------------------------------------------- similarly named unit variant `AV_CODEC_ID_XFACE` defined here
[INFO] [stdout] 
[INFO] [stdout] 
[INFO] [stdout] error: aborting due to 13 previous errors
[INFO] [stdout] 
[INFO] [stdout] 
[INFO] [stdout] Some errors have detailed explanations: E0425, E0432.
[INFO] [stdout] 
[INFO] [stdout] For more information about an error, try `rustc --explain E0425`.
[INFO] [stdout] 
[INFO] [stderr] error: could not compile `ffmpeg`.
[INFO] [stderr] 
[INFO] [stderr] To learn more, run the command again with --verbose.
[INFO] running `Command { std: "docker" "inspect" "51a575d70e3337eb54560ba26ee3e0a89ccb8e0b373bb87d063c24b14bc2b505", kill_on_drop: false }`
[INFO] running `Command { std: "docker" "rm" "-f" "51a575d70e3337eb54560ba26ee3e0a89ccb8e0b373bb87d063c24b14bc2b505", kill_on_drop: false }`
[INFO] [stdout] 51a575d70e3337eb54560ba26ee3e0a89ccb8e0b373bb87d063c24b14bc2b505
